Suppose 1 = -4*y + 25. Suppose -2*m + 4*m = 4. What is the highest common factor of y and m?
2
Suppose -31*u = -m - 35*u + 820, -m + 2*u + 808 = 0. What is the highest common factor of 232 and m?
116
Let n(b) = -b**3 + 6*b**2 + 10*b + 2. Let f be n(-2). Calculate the greatest common factor of 567 and f.
7
Suppose 0 = -3*y - 4*s + 544, -5*y + 375 + 527 = 2*s. What is the greatest common divisor of y and 198?
18
Suppose 0 = 2*y - 13 + 33. Let u be (-3)/(15/y) - -14. What is the highest common divisor of u and 4?
4
Let c = 12 + -7. Suppose -220 = -10*j + c*j. Calculate the greatest common factor of 11 and j.
11
Let z = -56 + 88. Let n = z + -21. Let k(r) = 12*r**2 + 4*r + 3. Let w be k(-3). Calculate the highest common factor of w and n.
11
Let p = -227 - -236. What is the highest common divisor of p and 63?
9
Suppose 20 = 2*i - 2. Suppose 4*u - 52 = -3*w, 2*w + 5*u - 32 = 3*u. Let p = w - i. What is the highest common divisor of p and 1?
1
Suppose 6*m - 755 = -125. Calculate the greatest common divisor of 120 and m.
15
Let i = 84 + -208. Let n be (-6 + -3 - 3)*1. Let b be i/n + 4/6. Calculate the highest common divisor of b and 121.
11
Let g(y) = -y**3 - 41*y**2 - 42*y - 32. Let q be g(-40). What is the highest common factor of 80 and q?
16
Let m be 9*(1 - (-6)/(-9)). What is the highest common divisor of m and 123?
3
Suppose -30 = v + 28. Let b = -44 + v. Let t = -66 - b. What is the greatest common factor of 36 and t?
36
Let k be (-724)/(-10) - 5/(25/2). Calculate the greatest common factor of 288 and k.
72
Suppose 80 = 527*b - 511*b. Let j be 0 + 2 + 1 + -1. What is the greatest common factor of b and j?
1
Let m be 0 + 8 + (-3 - -2). Let j be -2 + (-24)/(-1) + 2. Suppose j = 8*t - m*t. What is the greatest common divisor of 8 and t?
8
Let i = -982 - -991. What is the highest common factor of 387 and i?
9
Suppose 4*p = s - 0*s - 103, -79 = -s - 2*p. Let u = 22 - -7. What is the greatest common divisor of u and s?
29
Suppose -4*y + 115 = y. Suppose 2*s - 3*i - 377 = 0, 0 = s - 20*i + 21*i - 181. Calculate the highest common factor of y and s.
23
Let b be 5/((-369)/(-360) + 1/(-1)). Let d be (-3 + (-12)/(-2) - 5) + b. Calculate the greatest common divisor of d and 22.
22
Let g = 43 + -32. Let w(z) = z + 1. Let h be w(g). What is the greatest common factor of 156 and h?
12
Suppose -193*c - 54 = -195*c. Calculate the highest common factor of 1 and c.
1
Let i = -100 + 420. Let p = 28 + 12. What is the highest common divisor of p and i?
40
Let w be (-3)/(-5) + 3 + (-43056)/(-40). Calculate the highest common factor of 40 and w.
40
Let o(z) = -z**3 - 5*z**2 - 4*z + 1. Let r be o(-4). Let a be 26 + (1/r - 1). Calculate the highest common factor of 39 and a.
13
Let z(g) = 30*g**2 + 39*g - 217. Let r be z(5). Calculate the greatest common divisor of 16 and r.
8
Suppose 0 = 2*l + l + 3*s - 129, 0 = 3*l - 2*s - 139. What is the highest common divisor of l and 135?
45
Suppose -20 = -5*w - 4*j + 8, 2*j = -w + 8. Calculate the highest common factor of w and 8.
4
Let m(f) = 2*f + 20. Let z(x) = x**3 + 12*x**2 + 10*x - 11. Let i be z(-11). Let w be m(i). What is the greatest common factor of 5 and w?
5
Let d = 12 - -4. Let u be (-8)/(-6)*3/2. What is the greatest common factor of d and u?
2
Let p be (-2010)/(-16) + 63/168. Calculate the greatest common divisor of 72 and p.
18
Suppose -569 = -59*i + 2617. What is the highest common factor of i and 1026?
54
Let o = -38 - -55. Let z(p) = p**3 - 9*p**2 + 3. Let d be z(9). Suppose -d*v = 5 + 10, 4*w - 43 = -5*v. What is the highest common divisor of w and o?
17
Let z(v) = -v**3 + 12*v**2 + 11*v + 40. Let q be z(8). What is the highest common divisor of q and 512?
128
Suppose 0 = 11*h - 3167 - 199. What is the greatest common factor of 108 and h?
18
Let i be 18/((-2)/(-6)*3). Suppose -2*l = t - i, 2*l - 2*t + 2 - 14 = 0. Calculate the greatest common divisor of 24 and l.
8
Let r = 41 - 53. Let h be (-3 - r)/((-1)/(1/(-1))). What is the highest common factor of 45 and h?
9
Let y(n) = -n + 1. Let f be y(2). Let p(m) = -2*m**3 - m**2 + m + 1. Let a be p(f). Let s be 3 + 1 + a + 11. Calculate the greatest common factor of 48 and s.
16
Let q be 91 - ((-4)/(-18) - (-22)/(-18)). Let i = q + -83. What is the highest common factor of 6 and i?
3
Let z be ((-42)/4)/(-1 - 2/(-8)). Calculate the greatest common divisor of 154 and z.
14
Suppose -r = -3*r + 4*x - 20, -3*x = -5*r - 43. Let n be (4 + 36/r)*-120. Suppose 3*l - 4*l + 15 = 0. Calculate the greatest common divisor of l and n.
15
Let h = 135 + -125. Let z(l) = 2*l**2 - 16*l + 17. Let k be z(h). What is the highest common divisor of 76 and k?
19
Let q be ((-175)/70)/(2 - (-89)/(-44)). What is the greatest common divisor of 22 and q?
22
Let a be (1/2)/((-2)/(-128)). Let d = a - 65. Let j = -21 - d. Calculate the highest common factor of 60 and j.
12
Let g = 202 + -157. Calculate the highest common divisor of 450 and g.
45
Suppose -26*i + 1966 = 2*d - 27*i, 0 = -3*d - i + 2954. Calculate the highest common factor of 24 and d.
24
Let d = -2434 - -2863. What is the greatest common divisor of d and 264?
33
Suppose 11 = -j + 2*m + 53, j - 3*m - 45 = 0. What is the highest common factor of j and 172?
4
Suppose 0 + 5 = d. Suppose 170 = 3*a + v, 3*a + d*v = 3*v + 175. What is the highest common divisor of 5 and a?
5
Suppose 5*b = 4*b + 85. Let a be (-4)/(-5)*(10 - 0). Let f(l) = -l**3 + 10*l**2 - 13*l + 10. Let q be f(a). Calculate the greatest common factor of q and b.
17
Suppose -2*v = -6*v + 8. Let g(m) = 4*m - m**2 + v*m + 0*m + 5 + 0*m**2. Let d be g(5). Calculate the highest common divisor of 2 and d.
2
Let g = -9 - -21. Suppose -25 = -q + 59. What is the highest common factor of q and g?
12
Suppose w + 2*m - 332 = 5*w, 4*m + 8 = 0. Let a = w + 90. Calculate the highest common divisor of 48 and a.
6
Suppose -4*a - 3*b = -73, 7*a - 3*a - 70 = -2*b. Let c = a - 17. Let i be -3 + 17 + 0 + c. Calculate the highest common factor of 143 and i.
13
Let u = -1002 - -1548. Calculate the greatest common divisor of u and 28.
14
Let n be (-6)/(-8) + (-561)/(-68). What is the greatest common divisor of n and 18?
9
Let p(h) = -4*h - 29. Suppose -24 = 6*n + 48. Let j be p(n). What is the highest common factor of 285 and j?
19
Suppose o - m - 19 = 0, 3*m + 38 = 2*o - 2. Suppose 177 = -4*p + 449. Calculate the greatest common factor of p and o.
17
Suppose 12 + 15 = 9*g. Suppose -j - 32 = -o + j, g*o = -4*j + 116. What is the greatest common divisor of 4 and o?
4
Let c(a) = -8*a - 352. Let y be c(-55). What is the highest common divisor of y and 77?
11
Let d(a) = a**2 - 7*a + 13. Let b be d(6). Suppose -33*j = -15*j - 2394. What is the highest common divisor of j and b?
7
Let j(q) = 89*q - 1. Let o be j(1). Let v be -3*((-9 - -3) + 5). Suppose -v*m + 21 = 6, 5*w - 4*m = 90. What is the highest common divisor of o and w?
22
Let m be (-1277)/(-8) + ((-1368)/(-64) - 21). What is the greatest common factor of m and 128?
32
Suppose 5*a + 3*h - 13 = 0, -3*a - 1 + 3 = -4*h. Let f be (21/6)/(1/10). Let b be (4/10)/(1/f). Calculate the highest common divisor of b and a.
2
Suppose -88 = -2*n - 28. Calculate the highest common factor of 310 and n.
10
Let k be -9*(-6)/(-63)*14. Let i = -12 - k. Suppose i = -5*d + 112 - 27. Calculate the greatest common factor of 68 and d.
17
Let r = -36 + 34. Let a(y) = -4*y**3 - 4*y**2 + 3*y + 5. Let c be a(r). Calculate the highest common factor of c and 135.
15
Let n = 1437 - 676. Let l = n - 519. What is the highest common factor of l and 22?
22
Suppose -4*u = -0*j + j + 11, -2*u = -5*j + 11. Let k be (8/u)/((-4)/66). Calculate the greatest common factor of 220 and k.
44
Suppose -2*v = 3*p + 1221, 2*v = -2*v + 5*p - 2453. Let f be v/(-22) + (-14)/(-77). What is the highest common factor of f and 14?
14
Let n be ((-108)/7)/(170/(-595)). Calculate the highest common factor of n and 90.
18
Let y = -81 - -83. Suppose -r - 12 = 4*d, d = 7*r - y*r - 24. Calculate the greatest common divisor of 32 and r.
4
Suppose -3*o = 3*m - 21 - 15, 0 = 4*o + 5*m - 48. Let f be (-4 - (-44)/o)*-111. Suppose -47 = -3*i + f. What is the highest common factor of i and 14?
14
Suppose -203*y + 288 = -199*y. Let v(q) = 181*q**3 - 2*q + 1. Let d be v(1). What is the highest common divisor of